4. Suppose -7*h + h = -24. Let y(m) = h*o(m) - x(m). What is y(p)?
-2
Let h = -55 - -49. Let d(r) = 2*r**2 + 9*r - 15. Let w be d(h). Let m(j) = -j**w - 2*j**2 - 4*j**2 + 7*j**2 - 5 - 1. Determine m(0).
-6
Let z(p) = 2*p**2 - 25*p + 39. Let x(a) = a**2 - 23*a + 52. Let d(h) = 6*x(h) - 7*z(h). Determine d(-1).
-6
Let b(i) = 109*i + 2 + 3 - 1 + 111*i - 221*i. Calculate b(4).
0
Let i be (-2)/((-18)/24*16/18). Let p(m) = 2*m**3 - 3*m**3 - 35*m + 1 - m**2 + 5*m**i + 36*m. Determine p(-1).
-5
Let h = -113 + 117. Let i(d) = -11*d**2 + 24*d + 26. Let s(u) = -5*u**2 + 12*u + 13. Let c(j) = h*i(j) - 9*s(j). Give c(10).
-33
Let k be -10 + (191 - -19)/(-15). Let t(x) = -x**3 - 28*x**2 - 96*x - 8. What is t(k)?
-8
Let v(m) = 194 + 5*m + 189 - 620 + 149. Calculate v(15).
-13
Let v(i) be the second derivative of i**4/3 + 2*i**3/3 - 9*i**2 - 5344*i. Give v(-3).
6
Suppose 5*t - 99 = 4*w, 148 = 5*t - w + 52. Let z(d) = -4 + 13*d**2 + t*d**2 - d**3 + 8*d - 38*d**2. Determine z(-7).
-11
Let j(f) = 0*f + 0 + 3 - 2*f + 0 + f. Let r(x) = x**2 + 6*x + 5. Let l be r(-5). What is j(l)?
3
Let k(s) = 3*s - 10. Let o be k(-5). Let d = o + 29. Suppose -4*l - 12 = -d. Let i(v) = v**2 + 5*v + 1. Determine i(l).
-5
Let n = -2 - -2. Let i(l) be the third derivative of -22*l**2 + 3*l - 5/6*l**3 + 0 - 1/24*l**4. Determine i(n).
-5
Let j(t) be the third derivative of t**4/12 + 4*t**3 - t**2. Let y be j(-7). Let d(i) = -4 - i + 2*i + y. Give d(-3).
3
Let b(x) = 2*x - 2. Let f(v) = 15*v + 126. Let a be f(-9). Let g be (a/(-12))/(-3) + 78/24. What is b(g)?
4
Let j(b) = -17*b - 15. Let h(r) = 26*r + 17. Let t(z) = -2*h(z) - 3*j(z). Determine t(7).
4
Let r(s) = 142 + 59 - 991*s + 2012*s - 1005*s. Determine r(-13).
-7
Let c(i) = 4*i**2 - 1. Let h(k) = k**2 - 7*k - 6. Let a be h(7). Suppose 294*f - 288*f + 54 = 0. Let l be a/(-1)*3/f. Calculate c(l).
15
Suppose 0 = -14*s - 3093 - 3067. Let l = -439 - s. Let k(w) = -22*w**2. Determine k(l).
-22
Let r(d) be the first derivative of d**4/2 - d**3/3 + 38. Let z(o) = -3*o**3 + 6*o**2 - 2*o + 4. Let k(t) = 2*r(t) + z(t). Determine k(-5).
-11
Let j(u) = -u**2 - 5*u + 48. Let d be j(-9). Let f(x) = d + 0 - 3*x + 4*x - 21. Suppose -5*w = -4*a - 55, -3*a + 7 = 4*w - 6. What is f(w)?
-2
Let i(p) be the second derivative of -p**6/360 - p**4/3 - 8*p**3/3 + 3*p**2/2 + 222*p. Let w(r) be the second derivative of i(r). Determine w(-6).
-44
Let c(f) = 39*f**3 + 2*f**2 - 2*f - 19. Let j(a) = -47*a**3 - a**2 + 3*a + 18. Let h(g) = -6*c(g) - 5*j(g). Determine h(7).
3
Let v(b) = -b**2 - 5*b. Suppose 16 = 2*g + 4*r, 0 = g - r - 2 - 3. Let n(f) = 2*f. Let o(k) = g*n(k) + v(k). Determine o(6).
6
Suppose 2*c + 2*a - 12 = 0, 20 = 3*c + 29*a - 25*a. Let g(s) = -s**2 + 7*s - 9. What is g(c)?
3
Let k = 63 - 62. Let t(q) be the second derivative of -35*q**3/6 + q**2/2 + 168*q. What is t(k)?
-34
Let r(x) = x**3 + 7*x**2 - 5*x + 9. Let z(s) = -6*s**3 - 34*s**2 + 32*s - 44. Let a(t) = 11*r(t) + 2*z(t). What is a(10)?
1
Let d be ((-44)/12)/(16/(-96)). Let b(g) = -g**3 + 23*g**2 - 22*g - 2. Give b(d).
-2
Let y(a) be the third derivative of -a**4/6 - 3*a**3/2 + 5*a**2 - 340. Determine y(15).
-69
Let u be -1*(2 + 1 - 8)/(-1). Let a(t) = -11*t**3 + 11*t**2 - 5*t - 1. Let l(q) = 9*q**3 - 10*q**2 + 5*q + 1. Let y(c) = u*a(c) - 6*l(c). Calculate y(-6).
-7
Let m(j) = -1 - 1 - 5 + j. Let l be (-12 - -31 - 6)/1. What is m(l)?
6
Let p(x) = 6*x + 39. Let z(b) = -3*b - 20. Let f(l) = 5*p(l) + 9*z(l). Determine f(-7).
-6
Let u = 23 + -19. Suppose 2*z + 18 = 4*a - z, 4*z - 4 = -u*a. Let r(j) = -4 + 5 + j + a. Give r(-6).
-2
Let x = -3 - -5. Let s = -565 - -570. Let a(y) = s + 27*y - 9*y - 7*y + y**2 - 14*y - 3. Determine a(x).
0
Let a(m) = 2*m**2 + 7*m + 6. Let f be a(-4). Suppose -w - 5*b - f = -6, -4*w + 7 = -3*b. Let h(j) = 7*j - 1. Determine h(w).
6
Let m = 93 + -105. Let k(f) = 159 - 325 + 177 - 2*f. Determine k(m).
35
Let g(i) = -i**2 + 5*i + 3. Let q(h) = h**2 - 32*h + 89. Let r be q(3). Suppose 2*k - 36 = -2*k. Suppose d - k = -r*d. Determine g(d).
9
Let x(d) be the third derivative of -3 + 1/60*d**5 + 0*d + 28*d**2 + d**3 - 1/6*d**4. What is x(2)?
2
Suppose y = -2*l + 9, -7*l = 4*y - 4*l - 26. Let z(q) = -q**3 + 3*q**2 - 5*q - 8. Give z(y).
-83
Let f(h) = 7*h + 5. Let a(r) = 20*r + 14. Let s(v) = -6*a(v) + 17*f(v). Let d(m) = -46*m - 1. Let p be d(1). Let x = p - -48. What is s(x)?
0
Let m(f) be the second derivative of -f**5/20 - f**4/2 + 2*f**3/3 - 17*f**2 + 3683*f. Give m(-7).
-13
Suppose 5*b - 10 = 5*p, 0*b + b + 5*p = 8. Let s(a) = 5*a**2 - 9*a**3 + 3*a + 3*a**3 + 5*a**3 + 2*a**b - 1. Give s(-4).
3
Let t(w) be the third derivative of w**4/24 - w**3 + 2*w**2. Let s(j) = -5 - 5*j**2 - 6 - 29*j + 60*j**2 - 14 + 2*j**3. Let h be s(-28). Give t(h).
-3
Let a(g) = g - 6. Let k(i) = i**3 - 13*i**2 - 13*i - 14. Suppose 99 = -w + 113. Let j be k(w). Calculate a(j).
-6
Let i(g) be the first derivative of -g**6/90 - g**5/120 - 32*g**3/3 - 5*g**2/2 + 36. Let z(n) be the third derivative of i(n). Calculate z(-2).
-14
Let p(g) = -7. Let f(q) = 27*q - 44. Let m(b) = f(b) - 6*p(b). Give m(-3).
-83
Let u(i) = -2*i - 1. Let m be (-154 - -2)*(-3)/6. Let q = -464 + 545. Let v = q - m. Give u(v).
-11
Let h(i) = -i**3 + 5*i**2 - i + 2. Let b(o) = 14*o + 12. Let c(y) = y + 1. Let r(v) = -2*b(v) + 18*c(v). Let j be r(-1). Determine h(j).
14
Let n = -41 - -41. Suppose 27*r - 6*r + 63 = n. Let o(a) = -2*a - 3. Determine o(r).
3
Suppose 0 = -c + 5*x - 1 + 11, -c - 4*x = 8. Let f(u) be the first derivative of -1/3*u**3 - 20 + 0*u**2 + 7*u. Give f(c).
7
Let l(q) be the second derivative of 23*q**4/4 + q**3/3 - q**2/2 + 483*q. What is l(1)?
70
Suppose -3128 = -15*r + 2017. Let u = -337 + r. Let z(f) = -f**3 + 6*f**2 + 3*f - 9. Determine z(u).
9
Let m(o) = -o**3 + 92*o**2 + 190*o - 198. Let h be m(94). Let d(r) = -r**2 - 10*r + 14. Calculate d(h).
14
Suppose 3223 = 14*r + 3195. Let l(v) = v**3 - 2*v**2 + 5*v - 6. What is l(r)?
4
Let l(d) be the first derivative of -4*d**3/3 - 15*d**2/2 + d - 3379. Calculate l(-5).
-24
Let v(m) = -3*m**2 + 3*m. Let g be (-480)/(-24) + -14 + -1 + 0. Calculate v(g).
-60
Let d(g) = -3*g**3 + 0*g**3 - 2*g**3 - g**2. Let o(p) = 9*p**3. Let l be o(1). Let u = 8 - l. Calculate d(u).
4
Let o(w) = -w**3 - 5*w**2 - 4*w - 1. Suppose 3*y - y - 15 = -x, 2*x + 2*y - 24 = 0. Suppose 3*s + x = -4*b, 10*b - 2*s = 8*b - 8. Give o(b).
-7
Let h(n) = -33 - 277*n + 2*n**3 + 103*n + 96*n - 23*n**2 + 110*n. Calculate h(10).
-13
Let n(t) = 8*t**2 + 57*t - 54. Let w be n(1). Let s(d) = -d + 14. What is s(w)?
3
Suppose 17 = 4*r - 3*z, -23 = -3*r - 4*z - 4. Suppose r*i = u - 24, 3*i + u = -2*i - 26. Let h(m) = -5*m - 1. Calculate h(i).
24
Let y(r) = r + 89. Let m(l) = -14. Let v(b) = -5*m(b) - y(b). Give v(-12).
-7
Let n(z) = -2*z - 2. Suppose -2*h - 31 = h - a, -3*h - 4*a - 41 = 0. Let y(m) = -17*m - 191. Let g be y(h). Calculate n(g).
6
Let k(g) = -g**3 + 10*g**2 + 11*g + 8. Let a = 82 - 77. Suppose 0 = -4*c + 1 - a. Let z be (-10)/(-6) + c/(-3) - -9. Determine k(z).
8
Let c(t) = -25*t + 2. Let b(z) = -32*z + 3. Let y(v) = 5*b(v) - 6*c(v). What is y(1)?
-7
Let m(p) = 6*p - 27. Suppose -19*o + 153*o = 536. Determine m(o).
-3
Let m(y) be the first derivative of -y**2/2 - 68*y + 9043. What is m(-11)?
-57
Let n(f) = -3*f**3 - f**2 - 2*f - 2. Let i(p) = -16*p**3 - 28*p**2 - 13*p - 75. Let l(r) = i(r) - 5*n(r). Give l(-23).
4
Let v = 665 - 663. Let y(l) = -1264*l + 626*l + v + 637*l. What is y(1)?
1
Let x = -47 + 49. Let t be -2*x/((-4)/15) - 0. Let z(y) = y**3 - 16*y**2 + t*y**2 - 7*y**3 - y. Calculate z(-1).
6
Let z(q) = -q + 12. Let n(o) = o + 1. Let l(c) = 3*n(c) + z(c). Let u be -1 + (-25)/(-5) + -15 + (-33 - -37). Calculate l(u).
1
Let b = 48 + -46. Suppose 0 = -x + 8 - b. Let g(i) = -5 + 3 - x*i**2 + i + 3 - 2. What is g(1)?
-6
Let i(o) = o - o**2 + o**2 + 1 + 4*o**3. Suppose -4*d = -5*t + 23, -2*t - 3*d - 137 = -114. Determine i(t).
-4
Let k(u) be the third derivative of 3/8*u**4 + 0 + 1/6*u**3 - 2*u + 1/60*u**5 + 16*u**2. What is k(-8)?
-7
Let g(p) = -p**2 + 2*p - 2. Suppose 0 = -9*x + 32 + 58. Let z be (-10)/(-4)*(36/x)/3. What is g(z)?
-5
Let d(s) = s**2 - 5*s - 1. Let k be d(5). Let i(w) be the third derivative of 7*w**4/12 + w**3/6 + 78*w**2 - 26*w. Determine i(k).
-13
Let m(h) = 571 